{"id":620,"date":"2026-03-30T18:10:46","date_gmt":"2026-03-30T16:10:46","guid":{"rendered":"https:\/\/locohdl.synology.me\/wordpress\/?page_id=620"},"modified":"2026-03-30T18:10:49","modified_gmt":"2026-03-30T16:10:49","slug":"datenschutz-bestimmungen","status":"publish","type":"page","link":"https:\/\/locohdl.synology.me\/wordpress\/de\/datenschutz-bestimmungen\/","title":{"rendered":"Datenschutz-Bestimmungen"},"content":{"rendered":"\n<p><strong>Allgemein<\/strong><\/p>\n\n\n\n<p>Dies ist die Website von LocoHDL an folgendem Standort: Egenhovenstraat 92, 3060 Bertem Belgien.<br>LocoHDL legt gro\u00dfen Wert auf den Schutz Ihrer pers\u00f6nlichen Daten und darauf, dass Ihre Privatsph\u00e4re respektiert wird. In dieser Datenschutzerkl\u00e4rung m\u00f6chten wir klar und transparent dar\u00fcber informieren, welche Daten wir erheben und wie wir mit personenbezogenen Daten umgehen. Wir tun alles, um Ihre Privatsph\u00e4re zu gew\u00e4hrleisten und gehen daher sorgf\u00e4ltig mit personenbezogenen Daten um. LocoHDL h\u00e4lt sich in allen F\u00e4llen an die geltenden Gesetze und Vorschriften, einschlie\u00dflich der Datenschutz-Grundverordnung (DSGVO: Datenschutz-Grundverordnung) &#8211; die am 25. Mai 2018 in Kraft getreten ist.<br>Das bedeutet, dass wir in jedem Fall:<br>\u2022 Ihre personenbezogenen Daten gem\u00e4\u00df dem Zweck verarbeiten, f\u00fcr den sie bereitgestellt wurden, diese Zwecke und die Art der personenbezogenen Daten werden in dieser Datenschutzerkl\u00e4rung beschrieben.<br>\u2022 Die Verarbeitung Ihrer personenbezogenen Daten beschr\u00e4nkt sich auf die Daten, die f\u00fcr die Zwecke, f\u00fcr die sie verarbeitet werden, unbedingt erforderlich sind.<br>\u2022 Ihre ausdr\u00fcckliche Zustimmung einholen, wenn wir diese f\u00fcr die Verarbeitung Ihrer personenbezogenen Daten ben\u00f6tigen.<br>\u2022 angemessene technische und organisatorische Ma\u00dfnahmen getroffen haben, um die Sicherheit Ihrer personenbezogenen Daten zu gew\u00e4hrleisten.<br>\u2022 keine personenbezogenen Daten an Dritte weitergeben, es sei denn, dies ist f\u00fcr die Erf\u00fcllung der Zwecke, f\u00fcr die sie bereitgestellt wurden, erforderlich.<br>\u2022 sich Ihrer Rechte bez\u00fcglich Ihrer personenbezogenen Daten bewusst sind, Sie darauf hinweisen m\u00f6chten und diese respektieren.<\/p>\n\n\n\n<p><strong>Datenschutzerkl\u00e4rung<\/strong><\/p>\n\n\n\n<p>LocoHDL ist f\u00fcr die Verarbeitung Ihrer personenbezogenen Daten verantwortlich. Wenn Sie nach dem Lesen unserer Datenschutzerkl\u00e4rung oder im weiteren Sinne Fragen dazu haben oder mit uns in Kontakt treten m\u00f6chten, k\u00f6nnen Sie dies \u00fcber die folgenden Kontaktdaten tun:<br>\u2022 Per Post: an die oben genannte Adresse. <br>\u2022 Per E-Mail: info@locohdl.be<\/p>\n\n\n\n<p><strong>Warum verarbeiten wir personenbezogene Daten?<\/strong><\/p>\n\n\n\n<p>Ihre personenbezogenen Daten werden von LocoHDL zu folgenden Zwecken und Rechtsgrundlagen verarbeitet:<br>\u2022 Um Warensendungen zu versichern.<br>\u2022 Um die Korrespondenz oder E-Mail sicherzustellen.<\/p>\n\n\n\n<p>Zu den oben genannten Zwecken k\u00f6nnen wir die folgenden personenbezogenen Daten von Ihnen anfordern und erheben, speichern und verarbeiten:<br>\u2022 Pers\u00f6nliche Identit\u00e4tsdaten (Name, Vorname, Nationalit\u00e4t)<br>\u2022 Kontaktdaten (Adresse, Postleitzahl, Ort, Telefonnummern, E-Mail-Adressen)<br>\u2022 Finanzdaten (Kontonummer, Finanzlage) <\/p>\n\n\n\n<p>Wir verwenden die erhobenen Daten nur f\u00fcr die Zwecke, f\u00fcr die wir die Daten erhoben haben.<\/p>\n\n\n\n<p><strong>Bereitstellung an Dritte<\/strong><\/p>\n\n\n\n<p>Wir k\u00f6nnen die Daten, die Sie uns zur Verf\u00fcgung stellen, an den Auftragsverarbeiter weitergeben, wenn dies zur Durchf\u00fchrung der oben beschriebenen Zwecke erforderlich ist.<br>Zum Beispiel verwenden wir einen Drittanbieter f\u00fcr:<br>\u2022 Betreuung der Internetumgebung (Webhosting).<br>\u2022 Betreuung der IT-Infrastruktur (einschlie\u00dflich IT-Netzwerk usw.).<br>\u2022 Erledigung (und Verteilung) der Korrespondenz.<\/p>\n\n\n\n<p>Mit diesen Parteien (Auftragsverarbeitern) treffen wir selbstverst\u00e4ndlich die notwendigen Vereinbarungen, um die Sicherheit Ihrer personenbezogenen Daten zu gew\u00e4hrleisten.<br>Dar\u00fcber hinaus geben wir die von Ihnen bereitgestellten Informationen nicht an Dritte weiter, es sei denn, dies ist gesetzlich vorgeschrieben und erlaubt.<\/p>\n\n\n\n<p><strong>Beschwerden<\/strong><\/p>\n\n\n\n<p>Wenn Sie eine Beschwerde \u00fcber die Verarbeitung Ihrer personenbezogenen Daten haben, bitten wir Sie, sich umgehend mit uns in Verbindung zu setzen. Sie haben jederzeit das Recht, eine Beschwerde bei der Datenschutzkommission \/ Datenschutzbeh\u00f6rde, dies ist die Aufsichtsbeh\u00f6rde f\u00fcr den Datenschutz, einzureichen.<\/p>\n\n\n\n<p><strong>Haftungsausschluss<\/strong><\/p>\n\n\n\n<p>Die LocoHDL-Website soll Ihnen Informationen \u00fcber LocoHDL zur Verf\u00fcgung stellen. LocoHDL ist stets bem\u00fcht, die angebotenen Informationen aktuell zu halten. Trotz gr\u00f6\u00dfter Sorgfalt, die wir bei der Pflege, Erg\u00e4nzung und Verbesserung dieser Informationen anwenden, kann es vorkommen, dass sich bestimmte Daten pl\u00f6tzlich \u00e4ndern (ob durch unsere Kontrolle oder nicht) oder dass uns unrichtige oder unvollst\u00e4ndige Informationen entgangen sind. Wir empfehlen Ihnen, sich bei Zweifeln oder Unsicherheiten mit uns in Verbindung zu setzen. Wir kl\u00e4ren dann gerne die Unklarheiten und passen unsere Website gegebenenfalls an. LocoHDL bem\u00fcht sich, \u00c4nderungen so schnell wie m\u00f6glich auf unserer Website anzuzeigen, damit Sie immer die richtigen Informationen erhalten. Sollten die Angaben nicht korrekt sein, bitten wir um Ihr Verst\u00e4ndnis. LocoHDL hat keine Kontrolle \u00fcber und ist nicht verantwortlich f\u00fcr den Inhalt anderer verlinkter Websites. Obwohl diese Website mit gr\u00f6\u00dfter Sorgfalt gepflegt wird, haftet LocoHDL nicht f\u00fcr direkte oder indirekte Sch\u00e4den, die durch fehlerhafte oder unvollst\u00e4ndige Informationen oder f\u00fcr die Informationen in externen Seiten, auf die verwiesen wird, entstehen. Sofern nicht ausdr\u00fccklich anders angegeben, d\u00fcrfen die von LocoHDL erstellten Texte kopiert werden, sofern ihre Herkunft klar und sichtbar angegeben ist. Indem Sie diese Website selbst nutzen, stimmen Sie den oben aufgef\u00fchrten Nutzungsbedingungen zu.<\/p>\n","protected":false},"excerpt":{"rendered":"<p>Allgemein Dies ist die Website von LocoHDL an folgendem Standort: Egenhovenstraat 92, 3060 Bertem Belgien.LocoHDL legt gro\u00dfen Wert auf den Schutz Ihrer pers\u00f6nlichen Daten und darauf, dass Ihre Privatsph\u00e4re respektiert wird. In dieser Datenschutzerkl\u00e4rung m\u00f6chten wir klar und transparent dar\u00fcber informieren, welche Daten wir erheben und wie wir mit personenbezogenen Daten umgehen. Wir tun alles, [&hellip;]<\/p>\n","protected":false},"author":1,"featured_media":0,"parent":0,"menu_order":0,"comment_status":"closed","ping_status":"closed","template":"","meta":{"footnotes":""},"class_list":["post-620","page","type-page","status-publish","hentry"],"_links":{"self":[{"href":"https:\/\/locohdl.synology.me\/wordpress\/wp-json\/wp\/v2\/pages\/620","targetHints":{"allow":["GET"]}}],"collection":[{"href":"https:\/\/locohdl.synology.me\/wordpress\/wp-json\/wp\/v2\/pages"}],"about":[{"href":"https:\/\/locohdl.synology.me\/wordpress\/wp-json\/wp\/v2\/types\/page"}],"author":[{"embeddable":true,"href":"https:\/\/locohdl.synology.me\/wordpress\/wp-json\/wp\/v2\/users\/1"}],"replies":[{"embeddable":true,"href":"https:\/\/locohdl.synology.me\/wordpress\/wp-json\/wp\/v2\/comments?post=620"}],"version-history":[{"count":1,"href":"https:\/\/locohdl.synology.me\/wordpress\/wp-json\/wp\/v2\/pages\/620\/revisions"}],"predecessor-version":[{"id":621,"href":"https:\/\/locohdl.synology.me\/wordpress\/wp-json\/wp\/v2\/pages\/620\/revisions\/621"}],"wp:attachment":[{"href":"https:\/\/locohdl.synology.me\/wordpress\/wp-json\/wp\/v2\/media?parent=620"}],"curies":[{"name":"wp","href":"https:\/\/api.w.org\/{rel}","templated":true}]}}