{"id":164,"date":"2021-12-03T18:57:37","date_gmt":"2021-12-03T18:57:37","guid":{"rendered":"https:\/\/locohdl.synology.me\/wordpress\/?post_type=product&#038;p=164"},"modified":"2021-12-03T18:57:38","modified_gmt":"2021-12-03T18:57:38","slug":"hdm06c-locodm2-3","status":"publish","type":"product","link":"https:\/\/locohdl.synology.me\/wordpress\/de\/product\/hdm06c-locodm2-3\/","title":{"rendered":"HDM06C LocoDM2"},"content":{"rendered":"","protected":false},"excerpt":{"rendered":"<p>Komplettbausatz f\u00fcr die LocoDM2<\/p>\n<p>Technische Beschreibung:<br \/>\nDies ist ein Steuermodul2 f\u00fcr LocoIO. Dadurch ist es m\u00f6glich, mit LocoIO-Ausg\u00e4ngen (5V, max. 20mA) verschiedene Artikel mit h\u00f6heren Spannungen und gr\u00f6\u00dferen Str\u00f6men anzusteuern. Dieses Modul kann zur direkten Ansteuerung von 4 Schaltmotoren mit Abschaltung oder 2 Schaltmotoren ohne Abschaltung verwendet werden. Damit k\u00f6nnen auch 4 handels\u00fcbliche Rot\/Gr\u00fcn-Signale angesteuert werden.<\/p>\n","protected":false},"featured_media":165,"template":"","meta":[],"product_brand":[],"product_cat":[30],"product_tag":[],"class_list":{"0":"post-164","1":"product","2":"type-product","3":"status-publish","4":"has-post-thumbnail","6":"product_cat-zusatzmodule","8":"first","9":"instock","10":"shipping-taxable","11":"purchasable","12":"product-type-simple"},"_links":{"self":[{"href":"https:\/\/locohdl.synology.me\/wordpress\/wp-json\/wp\/v2\/product\/164","targetHints":{"allow":["GET"]}}],"collection":[{"href":"https:\/\/locohdl.synology.me\/wordpress\/wp-json\/wp\/v2\/product"}],"about":[{"href":"https:\/\/locohdl.synology.me\/wordpress\/wp-json\/wp\/v2\/types\/product"}],"wp:featuredmedia":[{"embeddable":true,"href":"https:\/\/locohdl.synology.me\/wordpress\/wp-json\/wp\/v2\/media\/165"}],"wp:attachment":[{"href":"https:\/\/locohdl.synology.me\/wordpress\/wp-json\/wp\/v2\/media?parent=164"}],"wp:term":[{"taxonomy":"product_brand","embeddable":true,"href":"https:\/\/locohdl.synology.me\/wordpress\/wp-json\/wp\/v2\/product_brand?post=164"},{"taxonomy":"product_cat","embeddable":true,"href":"https:\/\/locohdl.synology.me\/wordpress\/wp-json\/wp\/v2\/product_cat?post=164"},{"taxonomy":"product_tag","embeddable":true,"href":"https:\/\/locohdl.synology.me\/wordpress\/wp-json\/wp\/v2\/product_tag?post=164"}],"curies":[{"name":"wp","href":"https:\/\/api.w.org\/{rel}","templated":true}]}}