{"id":228,"date":"2021-12-03T21:33:32","date_gmt":"2021-12-03T21:33:32","guid":{"rendered":"https:\/\/locohdl.synology.me\/wordpress\/?post_type=product&#038;p=228"},"modified":"2024-05-27T15:06:44","modified_gmt":"2024-05-27T13:06:44","slug":"hdm14c-lococd-3-6a-3","status":"publish","type":"product","link":"https:\/\/locohdl.synology.me\/wordpress\/de\/product\/hdm14c-lococd-3-6a-3\/","title":{"rendered":"HDM14D LocoCD 8\/12A"},"content":{"rendered":"","protected":false},"excerpt":{"rendered":"<p>Komplett-Kit f\u00fcr den Stromdetektor HDM14C<\/p>\n<p>Technische Beschreibung:<br \/>\nIn einem digitalen Gleis sind Stromsensoren die beste M\u00f6glichkeit, einen Zug in einem bestimmten Abschnitt zu erkennen. Auch bei stillstehenden Z\u00fcgen kann immer ein Decoder oder eine Lampe oder LED mit Strombedarf erkannt werden. Abschnitte k\u00f6nnen hergestellt werden, indem elektrisch isolierte Sammelschienen mit digitaler Energie von einem eigenen Stromdetektor versorgt werden.<\/p>\n<p>Der Stromsensor-Transformator hat keinen Spannungsabfall am digitalen Signal und kann niedrige Str\u00f6me besser erkennen.<br \/>\nPrint mit 4 Stromerkennungen kann mit jeder Waage verwendet werden.<br \/>\n&#8211; Pro Schienenabschnitt betr\u00e4gt die maximal zul\u00e4ssige Stromaufnahme: 8A f\u00fcr HDM14D Version 4.0<br \/>\n&#8211; Die Summe der digitalen Stromaufnahme betr\u00e4gt maximal 12A pro digitalem Anschluss<\/p>\n","protected":false},"featured_media":1171,"template":"","meta":[],"product_brand":[],"product_cat":[30],"product_tag":[],"class_list":{"0":"post-228","1":"product","2":"type-product","3":"status-publish","4":"has-post-thumbnail","6":"product_cat-zusatzmodule","8":"first","9":"instock","10":"shipping-taxable","11":"purchasable","12":"product-type-simple"},"_links":{"self":[{"href":"https:\/\/locohdl.synology.me\/wordpress\/wp-json\/wp\/v2\/product\/228","targetHints":{"allow":["GET"]}}],"collection":[{"href":"https:\/\/locohdl.synology.me\/wordpress\/wp-json\/wp\/v2\/product"}],"about":[{"href":"https:\/\/locohdl.synology.me\/wordpress\/wp-json\/wp\/v2\/types\/product"}],"wp:featuredmedia":[{"embeddable":true,"href":"https:\/\/locohdl.synology.me\/wordpress\/wp-json\/wp\/v2\/media\/1171"}],"wp:attachment":[{"href":"https:\/\/locohdl.synology.me\/wordpress\/wp-json\/wp\/v2\/media?parent=228"}],"wp:term":[{"taxonomy":"product_brand","embeddable":true,"href":"https:\/\/locohdl.synology.me\/wordpress\/wp-json\/wp\/v2\/product_brand?post=228"},{"taxonomy":"product_cat","embeddable":true,"href":"https:\/\/locohdl.synology.me\/wordpress\/wp-json\/wp\/v2\/product_cat?post=228"},{"taxonomy":"product_tag","embeddable":true,"href":"https:\/\/locohdl.synology.me\/wordpress\/wp-json\/wp\/v2\/product_tag?post=228"}],"curies":[{"name":"wp","href":"https:\/\/api.w.org\/{rel}","templated":true}]}}