{"id":276,"date":"2021-12-03T21:54:52","date_gmt":"2021-12-03T21:54:52","guid":{"rendered":"https:\/\/locohdl.synology.me\/wordpress\/?post_type=product&#038;p=276"},"modified":"2026-02-23T16:09:15","modified_gmt":"2026-02-23T15:09:15","slug":"hdm20e-locorcd2-10-18a-3","status":"publish","type":"product","link":"https:\/\/locohdl.synology.me\/wordpress\/de\/product\/hdm20e-locorcd2-10-18a-3\/","title":{"rendered":"HDM20E LocoRCD2 10\/18A"},"content":{"rendered":"","protected":false},"excerpt":{"rendered":"<p>Komplettbausatz zum Bau der LocoRCD2 HDM20E 10\/18A<\/p>\n<p>Technische Beschreibung:<br \/>\nLocoRCD2 ist ein Stromsensor, der auch die von den RailCom-Zugdecodern gesendeten Daten liest. Die Zugadresse und die Belegungsmeldung werden an LocoNet gemeldet und k\u00f6nnen dann auf dem PC oder einem LocoView angezeigt werden.<br \/>\nDer LocoRCD2 enth\u00e4lt auch eine M\u00f6glichkeit der Zugbeeinflussung, f\u00fcr Z\u00fcge die RailCom einen Decoder haben. Der Zug kann bremsen, f\u00fcr eine gewisse Zeit anhalten und dann in gleicher oder entgegengesetzter Richtung weiterfahren, sofern das Begleitsignal dies zul\u00e4sst. Dies erm\u00f6glicht es auch, einen einfachen Shuttleservice zwischen den Haltestellen zu konzipieren, der keinen PC erfordert.<\/p>\n<p>Wo wird ein LocoRCD2 platziert?<br \/>\n&#8211; Auf einem Block, in dem Sie Lokomotiven auf Ihrem Gleis platzieren oder nehmen. Sie k\u00f6nnen sich dann ein- oder ausloggen.<br \/>\n&#8211; Auf einer Partition am \u00dcbergang von einer Zone ohne PC-Steuerung zu einer Zone, die von einem PC mit Stromsensoren gesteuert wird. Die Lok wird sich dann registrieren und wird weiterhin vom PC gesteuert.<br \/>\n&#8211; Auf einem Block in einem Bahnhof, wo sie mit einem Handregler rangieren wollen. Eine LocoIO mit angeschlossenem LocoView kann die digitale Adresse der Lokomotive auf einem Panel anzeigen.<br \/>\n&#8211; Mit dem Zugeinfluss k\u00f6nnen Sie Z\u00fcge herumfahren und anhalten lassen, ohne einen PC zu verwenden.<\/p>\n","protected":false},"featured_media":277,"template":"","meta":[],"product_brand":[],"product_cat":[38],"product_tag":[],"class_list":{"0":"post-276","1":"product","2":"type-product","3":"status-publish","4":"has-post-thumbnail","6":"product_cat-loconet-module","8":"first","9":"instock","10":"shipping-taxable","11":"purchasable","12":"product-type-simple"},"_links":{"self":[{"href":"https:\/\/locohdl.synology.me\/wordpress\/wp-json\/wp\/v2\/product\/276","targetHints":{"allow":["GET"]}}],"collection":[{"href":"https:\/\/locohdl.synology.me\/wordpress\/wp-json\/wp\/v2\/product"}],"about":[{"href":"https:\/\/locohdl.synology.me\/wordpress\/wp-json\/wp\/v2\/types\/product"}],"wp:featuredmedia":[{"embeddable":true,"href":"https:\/\/locohdl.synology.me\/wordpress\/wp-json\/wp\/v2\/media\/277"}],"wp:attachment":[{"href":"https:\/\/locohdl.synology.me\/wordpress\/wp-json\/wp\/v2\/media?parent=276"}],"wp:term":[{"taxonomy":"product_brand","embeddable":true,"href":"https:\/\/locohdl.synology.me\/wordpress\/wp-json\/wp\/v2\/product_brand?post=276"},{"taxonomy":"product_cat","embeddable":true,"href":"https:\/\/locohdl.synology.me\/wordpress\/wp-json\/wp\/v2\/product_cat?post=276"},{"taxonomy":"product_tag","embeddable":true,"href":"https:\/\/locohdl.synology.me\/wordpress\/wp-json\/wp\/v2\/product_tag?post=276"}],"curies":[{"name":"wp","href":"https:\/\/api.w.org\/{rel}","templated":true}]}}